base 4, what is -1201120322 - 3?
-1201120331
In base 5, what is -31 + -110024?
-110110
In base 10, what is 5994 + -2?
5992
In base 4, what is -3 + -10201110?
-10201113
In base 14, what is 1 - -6a60?
6a61
In base 14, what is 210b + -1?
210a
In base 5, what is 211113041 + 3?
211113044
In base 12, what is b0233 - -3?
b0236
In base 8, what is -435 - 412?
-1047
In base 3, what is -10001 - 10101100?
-10111101
In base 2, what is -10 + -1011110011?
-1011110101
In base 9, what is 22836 + -5?
22831
In base 10, what is -2 - -8327?
8325
In base 8, what is 6 - 14161?
-14153
In base 5, what is 3122243 + 1?
3122244
In base 14, what is d6 + -783?
-68b
In base 7, what is -1014 - 3136?
-4153
In base 16, what is 2f - 282?
-253
In base 5, what is 0 + -220323?
-220323
In base 6, what is 1354043 + 2?
1354045
In base 3, what is -1000 + -22021002?
-22022002
In base 7, what is -145 - 364?
-542
In base 4, what is 10 - -1100221?
1100231
In base 12, what is 5543 - 0?
5543
In base 11, what is -6a06 - -48?
-6969
In base 8, what is -55130406 + -2?
-55130410
In base 8, what is 3 + -43255?
-43252
In base 16, what is 254d + 11?
255e
In base 13, what is -351c6 + -9?
-35202
In base 7, what is 334 - 1616?
-1252
In base 5, what is 3 - -4313013?
4313021
In base 8, what is 1740 - 12?
1726
In base 4, what is -21013131 - -2112?
-21011013
In base 4, what is 3131 + -2112?
1013
In base 13, what is -16 - 42235?
-4224b
In base 12, what is 2 + 88a2b?
88a31
In base 13, what is 611a - 5?
6115
In base 16, what is -4 - 34e8?
-34ec
In base 13, what is b3 - 6c?
44
In base 2, what is -101 - -110101110000110000?
110101110000101011
In base 8, what is -113320 - 3?
-113323
In base 11, what is -191a - -660?
-126a
In base 2, what is -1111 + 11000000101001?
11000000011010
In base 11, what is -3a500 + -1?
-3a501
In base 5, what is 1433324 + 2?
1433331
In base 4, what is -3002 - -22?
-2320
In base 11, what is 25 - 67010?
-66a96
In base 3, what is -20011121 + 101010?
-12210111
In base 3, what is -1100 + -122010?
-200110
In base 7, what is -551055 + 4?
-551051
In base 15, what is a0e - 16?
9e8
In base 9, what is 202546 + -4?
202542
In base 10, what is -575 - 195?
-770
In base 13, what is -48 - -185?
13a
In base 11, what is 301538 + 1?
301539
In base 2, what is -100001011010110 - 1011?
-100001011100001
In base 13, what is c35 + 33?
c68
In base 8, what is 1 + 61331?
61332
In base 3, what is -122212 - 1011011?
-1211000
In base 14, what is -1c615c - -7?
-1c6155
In base 14, what is 2cbb - -1b?
2cd8
In base 14, what is -126 - 208?
-330
In base 6, what is 45555522 - 4?
45555514
In base 14, what is 232974 + 0?
232974
In base 2, what is 101001110001 + -11?
101001101110
In base 14, what is -144c46 + 5?
-144c41
In base 10, what is -22359 - 6?
-22365
In base 12, what is 3 - 2526?
-2523
In base 5, what is 1021244 + -4?
1021240
In base 6, what is -202 + -2454?
-3100
In base 3, what is 2 - 20002112010?
-20002112001
In base 14, what is -1b + 43c?
421
In base 8, what is -301 - 173?
-474
In base 12, what is -2 + -2a7b4?
-2a7b6
In base 5, what is -104 + 1012?
403
In base 16, what is 2 + -c169?
-c167
In base 8, what is 2 + 34070?
34072
In base 7, what is -222 - 10431?
-10653
In base 7, what is -30600 + 31?
-30536
In base 11, what is -342 + 75?
-278
In base 15, what is 97 - -5ac?
654
In base 2, what is 10101 + 1111100000000100?
1111100000011001
In base 11, what is 577 + 38?
604
In base 9, what is -73400 + 3?
-73386
In base 10, what is 4 - 946970?
-946966
In base 16, what is 12 - 6a54?
-6a42
In base 12, what is -737a - -2?
-7378
In base 13, what is 53633 + -2?
53631
In base 9, what is 61 + -2046?
-1875
In base 9, what is -1358 - -1342?
-16
In base 2, what is -111 + -100000100011010010?
-100000100011011001
In base 8, what is 343716 + 32?
343750
In base 3, what is 120 - 122000?
-121110
In base 15, what is 43 - cdb?
-c98
In base 8, what is 5 - 757041?
-757034
In base 9, what is -1 + 8607?
8606
In base 5, what is 1222001 - 121?
1221330
In base 16, what is -4d49 - 17?
-4d60
In base 14, what is 4 - -4ca3?
4ca7
In base 4, what is -22 + 2310221?
2310133
In base 3, what is -1011111122 + 0?
-1011111122
In base 8, what is 20 - 40415?
-40375
In base 3, what is 21100 + -11010010?
-10211210
In base 3, what is 12 + -112111220102?
-112111220020
In base 9, what is -723865 - 4?
-723870
In base 9, what is -184 - -15305?
15111
In base 7, what is 45 + 11545?
11623
In base 10, what is -48 - -22777?
22729
In base 14, what is 511 - 99?
456
In base 4, what is -311032 + -1?
-311033
In base 12, what is -6bb9 - 21?
-701a
In base 3, what is 1 + 220102202120?
220102202121
In base 15, what is -38e + 359?
-35
In base 9, what is 86166 - 4?
86162
In base 10, what is -3 + 705703?
705700
In base 9, what is 0 - 7810?
-7810
In base 13, what is -5 + -58c60?
-58c65
In base 6, what is -14002 + -4?
-14010
In base 7, what is -2 + 114305?
114303
In base 7, what is -14 + -2521?
-2535
In base 4, what is -110 - 2222132?
-2222302
In base 16, what is -3 + -1af91?
-1af94
In base 5, what is 1 + -1213422?
-1213421
In base 10, what is 69 - -78681?
78750
In base 12, what is 693 + 24?
6b7
In base 7, what is -24613305 + 2?
-24613303
In base 14, what is 1 - 2174b?
-2174a
In base 15, what is 5 - -38e5?
38ea
In base 9, what is 0 - -70234?
70234
In base 9, what is 3 + -257614?
-257611
In base 2, what is -100101110011 - -101010110?
-100000011101
In base 8, what is -1104 - 2376?
-3502
In base 11, what is 1578892 + -4?
1578889
In base 8, what is -560366 - 1?
-560367
In base 12, what is 73 - -249b?
2552
In base 9, what is -5 - -331630?
331624
In base 10, what is 25 + -2284?
-2259
In base 7, what is 211305 + 4?
211312
In base 7, what is 23546 - 6?
23540
In base 9, what is 682 + 857?
1650
In base 11, what is -95721 + 5?
-95717
In base 5, what is 1334113 + -101?
1334012
In base 3, what is 12 - 1022202100?
-1022202011
In base 13, what is 465 - 1c?
446
In base 4, what is -223 + -332010?
-332233
In base 13, what is -3a1b + -a?
-3a28
In base 14, what is -1a83 - a?
-1a8d
In base 7, what is -20165 - 13?
-20211
In base 14, what is -2037 - -3?
-2034
In base 13, what is 135728 + 0?
135728
In base 6, what is -254055 + -2?
-254101
In base 10, what is -47217 + -8?
-47225
In base 14, what is 9c + 1b5?
273
In base 7, what is -4 + -153012?
-153016
In base 10, what is -223190 + 5?
-223185
In base 9, what is -5 - 561087?
-561103
In base 11, what is 143 - 25?
119
In base 6, what is 33113 + 500?
34013
In base 9, what is -11 + 4042?
4031
In base 15, what is 16e - -37?
1a6
In base 14, what is -29972 + 3?
-2996d
In base 16, what is 7faa - -7?
7fb1
In base 3, what is 0 - 21102010?
-21102010
In base 2, what is 111 - 10001111111100010?
-10001111111011011
In base 3, what is 1211 + -1101?
110
In base 15, what is -10 - -812?
802
In base 3, what is -100012201 - 12100?
-100102001
In base 5, what is 220240 - -24?
220314
In base 3, what is 2020 + 210110220?
210120010
In base 4, what is -1233 - -11021?
3122
In base 7, what is 32 - 150666?
-150634
In base 9, what is -1 + -464705?
-464706
In base 10, what is -124546 - -5?
-124541
In base 14, what is c5b - bc?
b7d
In base 4, what is 20323322 - -23?
20330011
In base 7, what is 15 - 43043?
-43025
In base 14, what is 0 + -36bba?
-36bba
In base 14, what is c1 + -2b?
94
In base 6, what is -113 - -135544?
135431
In base 10, what is 14 + 34777?
34791
In base 2, what is 1001011 + -11111010010?
-11110000111
In base 2, what is -10000100110010 - 111?
-10000100111001
In base 11, what is -1411 - 61?
-1472
In base 8, what is 1 + 27066?
27067
In base 10, what is -20976 + 2?
-20974
In base 6, what is 40005 + 33?
40042
In base 8, what is -715260 + -1?
-715261
In base 11, what is 45517 + -5?
45512
In base 14, what is -30 + 1756?
1726
In base 12, what is 95b + -2b?
930
In base 12, what is -3 - 11411?
-11414
In base 5, what is 12344324 + 4?
12344333
In base 3, what is 1 + 20111122100?
20111122101
In base 16, what is 11 - -5603?
5614
In base 10, what is 885 - -33?
918
In base 14, what is 188c + 38?
18c6
In base 16, what is 2518 + 7?
251f
In base 12, what is 4 + -33b990?
-33b988
In base 7, what is 5 - -545405?
545413
In base 13, what is 181 - 32c?
-17b
In base 9, what is -366262 + 0?
-366262
In base 14, what is -7d - 21?
-a0
In base 9, what is 3 + 14001?
14004
In base 15, what is 1ca - 2a2?
-c7
In